My Blog

Gozo Island, Malta

32°C

GozoIslandWeather.com – NOAA-Style Climate Reports

Report for 2014 Januari

                   Monthly Climatological Summary for Jan 2014

Name: GozoIslandWeather.com   City: Victoria (Gozo Island)   State: Malta
Elevation: 87 m  Lat: N 36° 02' 37"   Lon: E 014° 14' 56"

                  Temperature (°C), Rain (mm), Wind Speed (km/h)

                                      Heat  Cool        Avg
    Mean                              Deg   Deg         Wind                 Dom
Day Temp  High   Time   Low    Time   Days  Days  Rain  Speed High   Time    Dir
----------------------------------------------------------------------------------
 1  14.2  16.2   13:41  12.5   23:50   3.9   0.0   1.2  10.9  33.8   00:00   NNW
 2  13.8  16.2   13:58  11.7   23:15   4.0   0.0   0.0   1.8  14.5   00:03    NW
 3  14.1  17.3   12:03  11.7   07:04   4.2   0.0   0.0   1.9  14.5   12:39     W
 4  14.5  17.6   13:11  11.2   03:56   3.7   0.0   0.2   3.5  24.1   22:14   SSW
 5  14.8  17.3   11:30  12.3   20:54   3.4   0.0   0.6  10.4  45.1   14:29    SW
 6  12.3  14.6   12:52   9.8   04:43   5.9   0.0  13.8  11.2  45.1   02:33   NNW
 7  13.6  15.7   12:34  11.6   22:50   4.1   0.0   0.2   6.8  27.4   00:14   NNE
 8  13.4  16.8   13:19  10.3   04:26   4.4   0.0   0.0   0.9  14.5   14:01    NW
 9  13.5  16.6   11:58   9.9   07:23   4.6   0.0   0.0   1.7  17.7   13:45   WNW
10  15.5  17.8   12:28  12.8   00:00   2.6   0.0   0.2   4.5  22.5   11:36    SW
11  16.2  18.6   14:09  14.3   23:20   2.1   0.0   0.2   6.4  20.9   07:28     S
12  16.1  19.1   13:59  13.9   07:47   2.3   0.1   0.4   2.7  12.9   00:54     S
13  14.2  16.5   12:07  11.9   23:41   4.1   0.0   2.0   1.9  20.9   13:18    NE
14  14.0  16.6   11:47  11.3   03:05   4.2   0.0   1.2   1.6  20.9   21:43    SW
15  13.0  15.6   12:12  11.6   03:31   5.2   0.0   6.0   2.3  19.3   12:36   NNW
16  13.1  16.3   11:56  10.8   21:35   5.0   0.0   0.6   2.8  20.9   11:10   NNW
17  15.1  17.3   13:39  12.9   03:09   3.0   0.0   0.0  11.4  33.8   21:20     S
18  16.9  18.0   13:40  15.7   00:25   1.3   0.0   0.0  21.1  40.2   10:09     S
19  17.3  19.0   14:29  15.8   22:29   1.0   0.0   0.2  12.5  48.3   01:55     S
20  16.0  17.7   09:56  13.1   21:58   2.1   0.0   0.0  11.3  40.2   07:34    SW
21  13.6  14.7   11:20  12.8   07:31   4.5   0.0   0.0  11.7  38.6   08:05   WNW
22  14.4  16.8   13:10  12.9   02:36   3.7   0.0   0.0   8.2  29.0   04:09     W
23  15.4  17.8   14:08  13.6   02:07   2.9   0.0   0.0   7.6  24.1   09:15     S
24  14.2  15.3   11:59  12.2   17:51   4.1   0.0   2.0  10.1  49.9   21:41    NW
25  12.2  14.2   01:59   8.8   09:46   5.8   0.0  13.8  19.7  54.7   05:47    NW
----------------------------------------------------------------------------------
    14.5  19.1    12     8.8    25    92.1   0.1  42.6   7.4  54.7    25     WSW

Max >=  27.0:  0
Max = 10.0 mm)
Heat Base: 18.3  Cool Base: 18.3  Method: Integration