My Blog

Gozo Island, Malta

32°C

GozoIslandWeather.com – NOAA-Style Climate Reports

Report for 2013 December

                   Monthly Climatological Summary for Dec 2013

Name: GozoIslandWeather.com   City: Victoria (Gozo Island)   State: Malta
Elevation: 87 m  Lat: N 36° 02' 37"   Lon: E 014° 14' 56"

                  Temperature (°C), Rain (mm), Wind Speed (km/h)

                                      Heat  Cool        Avg
    Mean                              Deg   Deg         Wind                 Dom
Day Temp  High   Time   Low    Time   Days  Days  Rain  Speed High   Time    Dir
----------------------------------------------------------------------------------
 1  15.3  16.3   00:00  13.6   06:57   3.0   0.0  14.6  12.9  48.3   14:21   WSW
 2  14.3  17.2   10:39  11.0   23:21   3.8   0.0  12.2   7.4  37.0   01:15   WSW
 3  12.7  15.8   11:50  10.7   01:04   5.6   0.0   8.2   3.1  30.6   13:05   NNW
 4  15.0  17.1   12:44  13.2   00:51   3.0   0.0   0.4   7.7  30.6   03:46    NE
 5  14.2  16.8   12:11   0.0   06:05   3.0   0.0   0.0   1.9  19.3   14:40     N
 6  14.9  17.3   13:10  10.8   00:39   3.0   0.0   0.4   6.4  30.6   14:10    NW
 7  15.2  17.0   14:03  14.0   19:18   3.0   0.0   0.0   7.4  29.0   01:14   NNW
 8  15.2  17.1   12:02  13.7   22:00   2.9   0.0   0.0   6.9  29.0   10:35    SE
 9  15.7  18.2   11:45  13.5   07:15   2.6   0.0   0.0   9.6  19.3   10:00   SSE
10  15.4  18.6   12:15  13.4   07:30   2.9   0.0   0.0   3.8  12.9   14:45    NE
11  15.2  17.4   13:30  12.5   00:00   3.1   0.0   0.0  10.5  22.5   14:00     E
12  13.7  17.1   13:15  11.7   04:30   4.6   0.0   1.0   4.5  17.7   13:00   WNW
13  13.9  17.1   12:45  11.3   07:30   4.4   0.0   0.2   4.9  20.9   14:15    NW
14  14.1  17.4   13:04  11.6   23:49   4.1   0.0   0.0   1.4  14.5   11:52    NW
15  14.2  17.4   11:36  11.3   01:19   3.8   0.0   0.0   3.7  19.3   18:56   NNW
16  14.8  16.9   11:38  12.2   20:28   2.9   0.0   0.0   4.8  20.9   00:23     N
17  13.7  16.5   12:25  10.8   01:07   4.6   0.0   0.0   2.0  14.5   10:56   ENE
18  13.3  16.2   12:27  10.1   00:00   4.8   0.0   0.0   2.0  16.1   02:34    NE
19  12.5  16.4   14:01   8.9   05:48   5.6   0.0   0.0   1.4  14.5   11:32   SSE
20  14.3  16.9   12:37  10.9   02:24   3.4   0.0   0.0   8.2  30.6   10:26   ESE
21  15.6  17.9   14:16  13.1   02:08   2.7   0.0   0.0   8.5  27.4   11:05   ESE
22  15.7  16.9   11:56  15.1   03:36   1.6   0.0   0.0  13.0  30.6   11:06   ESE
23  14.8  15.6   12:35   0.0   06:24   2.4   0.0   4.0   8.7  33.8   13:59   ENE
24  14.8  16.3   13:15  13.4   23:59   3.5   0.0   2.4   9.9  33.8   04:39    NE
25  15.1  17.6   13:05  12.2   04:35   3.1   0.0   0.2   6.2  35.4   23:35   SSW
26  14.2  16.6   02:09   9.4   18:45   4.1   0.0  10.6  14.5  43.5   18:37    SW
27  11.8  13.0   21:57  10.1   09:05   6.5   0.0   6.0  13.0  49.9   03:02   NNW
28  13.7  16.4   12:57  10.3   02:16   3.9   0.0   0.0   5.0  20.9   08:10     N
29  14.8  17.1   12:50   0.0   06:51   2.3   0.0   0.0   1.1  16.1   12:14    NW
30  14.1  15.2   09:43  12.8   23:56   4.2   0.0  12.0   3.6  29.0   23:58    NW
31  12.2  14.1   11:46  10.5   07:31   5.9   0.0  13.2  11.2  45.1   15:54    NW
----------------------------------------------------------------------------------
    14.3  18.6    10     0.0     5   114.3   0.0  85.4   7.0  49.9    27       N

Max >=  27.0:  0
Max = 10.0 mm)
Heat Base: 18.3  Cool Base: 18.3  Method: Integration