My Blog

Gozo Island, Malta

32°C

GozoIslandWeather.com – NOAA-Style Climate Reports

Report for 2013 November

                   Monthly Climatological Summary for Nov 2013

Name: GozoIslandWeather.com   City: Victoria (Gozo Island)   State: Malta
Elevation: 87 m  Lat: N 36° 02' 37"   Lon: E 014° 14' 56"

                  Temperature (°C), Rain (mm), Wind Speed (km/h)

                                      Heat  Cool        Avg
    Mean                              Deg   Deg         Wind                 Dom
Day Temp  High   Time   Low    Time   Days  Days  Rain  Speed High   Time    Dir
----------------------------------------------------------------------------------
 1  19.3  23.9   13:34  16.5   02:38   0.3   1.0  32.2   4.2  41.8   14:26   SSW
 2  19.1  22.1   15:09  16.9   09:50   0.2   1.0  13.0   1.6  30.6   10:02    SW
 3  19.8  23.0   13:51  16.3   04:03   0.3   1.8   0.0   1.8  24.1   05:50     S
 4  21.7  24.2   12:33  17.2   02:29   0.1   3.3   0.0   6.4  33.8   23:00   SSW
 5  19.8  23.9   05:40  15.8   14:49   0.4   1.9  19.6  14.4  48.3   01:02   WSW
 6  20.8  22.8   13:30  19.2   01:49   0.0   2.5   0.0  20.9  43.5   01:01     N
 7  20.9  23.6   12:02  17.7   23:59   0.0   2.5   0.0   7.5  30.6   07:09     N
 8  19.9  23.0   13:36  17.0   03:50   0.2   1.4   0.2   0.9  12.9   13:50   WSW
 9  21.6  23.8   12:52  18.9   06:47   0.0   3.1   0.0   2.9  14.5   13:21    SW
10  20.7  22.8   11:23  18.3   23:46   0.0   2.3   0.0   7.5  27.4   17:33    NW
11  17.5  20.2   08:03  15.1   19:46   1.2   0.4  14.2  12.1  45.1   12:06   WNW
12  16.3  19.4   12:56  14.4   06:11   2.0   0.1   5.2   3.5  24.1   09:24    SW
13  16.4  18.9   13:49  13.9   08:30   1.9   0.0  11.2   2.4  16.1   13:40    NE
14  17.1  20.1   11:35  14.1   06:29   1.6   0.4   0.0   1.3  22.5   14:32     N
15  17.0  19.7   10:34  15.0   01:56   1.3   0.0  16.8   1.3  32.2   08:20   WNW
16  17.6  20.7   14:35  15.0   23:54   1.1   0.5   0.2   1.6  14.5   10:17    NW
17  17.2  21.1   13:35  13.8   06:44   1.6   0.6   0.0   0.6  12.9   14:06    NE
18  19.6  21.6   23:18  16.6   00:00   0.2   1.5   0.0  16.2  48.3   22:41   SSE
19  19.4  21.9   01:20  17.9   06:29   0.0   1.1   0.0  13.4  43.5   00:19    SW
20  19.0  21.1   12:36  18.1   22:42   0.0   0.7   0.0   9.0  38.6   00:17   WSW
21  17.4  19.3   12:49  15.3   05:50   1.0   0.2   0.2   7.0  24.1   01:07     W
22  17.3  18.7   10:52  15.3   02:11   0.9   0.0   0.0  10.8  38.6   11:38    SW
23  15.8  18.1   11:14  13.8   18:31   2.5   0.0   0.4   8.5  32.2   00:07   WNW
24  14.8  16.7   11:46  12.6   23:53   3.5   0.0   8.0  10.3  49.9   04:40     W
25  15.2  17.7   11:15  12.8   00:00   3.1   0.0   1.2   8.1  35.4   00:54   WNW
26  13.3  14.9   00:16  11.9   23:35   4.8   0.0   1.6  13.6  38.6   08:50   NNW
27  12.5  15.1   12:05  10.9   23:59   5.8   0.0   0.2   5.6  25.7   01:13   NNW
28  13.0  15.1   08:53  10.7   00:16   5.2   0.0   6.2   1.1  17.7   08:06    SE
29  15.1  17.3   11:29  13.6   03:01   2.9   0.0  11.2   4.7  22.5   18:56   NNE
30  15.1  16.3   23:58  14.3   20:26   3.2   0.0  26.4  13.2  38.6   13:13   NNE
----------------------------------------------------------------------------------
    17.7  24.2     4    10.7    28    45.3  26.3 168.0   7.2  49.9    24     WNW

Max >=  27.0:  0
Max = 10.0 mm)
Heat Base: 18.3  Cool Base: 18.3  Method: Integration