My Blog

Gozo Island, Malta

32°C

GozoIslandWeather.com – NOAA-Style Climate Reports

Report for 2013 Oktober

                   Monthly Climatological Summary for Oct 2013

Name: GozoIslandWeather.com   City: Victoria (Gozo Island)   State: Malta
Elevation: 87 m  Lat: N 36° 02' 37"   Lon: E 014° 14' 56"

                  Temperature (°C), Rain (mm), Wind Speed (km/h)

                                      Heat  Cool        Avg
    Mean                              Deg   Deg         Wind                 Dom
Day Temp  High   Time   Low    Time   Days  Days  Rain  Speed High   Time    Dir
----------------------------------------------------------------------------------
 1  24.7  27.1   14:11  22.6   04:04   0.0   6.3   0.0  11.6  33.8   13:14    NW
 2  24.8  27.9   14:20  22.4   06:30   0.0   6.3   0.0   4.8  19.3   15:38   NNW
 3  23.7  26.7   10:59  21.7   07:18   0.0   5.4   0.0   7.5  32.2   13:06   ESE
 4  23.3  25.3   13:02  22.2   23:54   0.0   4.9   0.0  12.6  29.0   09:48    SE
 5  23.4  25.7   13:51  21.2   05:35   0.0   5.1   0.0   8.2  29.0   19:32   SSE
 6  23.8  27.7   13:23  22.3   10:03   0.0   4.3   2.0   6.9  25.7   01:50     S
 7  23.7  26.7   13:19  21.3   23:58   0.0   5.1   0.2   2.9  17.7   14:44   NNW
 8  21.5  22.9   16:12  20.4   23:59   0.0   3.0   5.2   2.0  19.3   08:05   WSW
 9  22.6  26.6   12:01  19.2   05:09   0.0   4.3   0.0   2.3  17.7   12:58     N
10  23.6  27.6   15:28  20.7   03:45   0.0   4.7   0.0   2.8  19.3   10:17   ESE
11  25.4  28.7   14:02  22.2   07:15   0.0   6.7   0.0   6.3  22.5   16:32   SSW
12  26.1  29.3   14:38  23.1   02:59   0.0   7.7   0.0  11.2  27.4   10:51     S
13  25.6  28.1   15:34  23.2   07:38   0.0   7.1   0.0   7.3  27.4   13:41     S
14  25.9  31.9   13:50  22.6   06:22   0.0   6.7   0.0   3.3  16.1   14:58     S
15  24.7  29.6   14:33  20.7   05:59   0.0   6.2   0.0   1.7  20.9   20:30   WNW
16  24.5  25.9   12:37  23.4   22:32   0.0   5.7   0.0  10.6  38.6   15:05    NW
17  24.1  25.8   12:47   0.0   06:16   0.0   3.9   0.0  13.6  33.8   12:18     N
18  23.0  26.4   14:00   0.0   06:00   0.0   3.4   0.0   2.3  16.1   12:44   WNW
19  22.2  25.8   14:27  19.2   05:25   0.0   3.5   0.0   3.5  22.5   11:58    SE
20  23.2  26.2   12:48  21.3   07:15   0.0   4.6   0.0   7.6  27.4   11:37    SE
21  22.3  25.4   12:01  19.7   07:35   0.0   3.6   1.4   4.5  20.9   17:25    SE
22  21.9  25.2   12:36  18.6   07:20   0.0   3.5   0.0   2.4  16.1   13:21    SE
23  21.6  25.0   13:20  18.6   07:30   0.0   3.1   0.0   2.7  20.9   11:45   SSE
24  21.7  25.1   13:24  18.3   06:20   0.0   3.2   0.0   2.6  17.7   13:05    SE
25  22.5  25.8   12:15  19.9   06:33   0.0   4.1   0.0   2.3  19.3   15:07     S
26  21.8  25.3   12:57  19.2   06:37   0.0   3.4   0.0   1.8  20.9   15:30   ESE
27  21.3  24.6   13:36  18.3   06:17   0.0   2.8   0.0   1.7  16.1   11:31   NNE
28  22.0  24.7   13:05  19.7   03:44   0.0   3.4   0.0   3.1  19.3   11:02   WNW
29  21.6  24.3   12:46  18.9   02:30   0.0   3.0   0.0   2.1  17.7   14:01    SW
30  22.0  24.7   12:04  18.8   04:12   0.0   3.7   0.0   5.5  24.1   10:56   SSE
31  20.9  24.6   09:26  16.6   11:03   0.1   2.6  20.8   6.4  25.7   10:21    SE
----------------------------------------------------------------------------------
    23.2  31.9    14     0.0    17     0.1 141.3  29.6   5.3  38.6    16     SSE

Max >=  27.0:  9
Max = 10.0 mm)
Heat Base: 18.3  Cool Base: 18.3  Method: Integration