My Blog

Gozo Island, Malta

32°C

GozoIslandWeather.com – NOAA-Style Climate Reports

Report for 2013 September

                   Monthly Climatological Summary for Sep 2013

Name: GozoIslandWeather.com   City: Victoria (Gozo Island)   State: Malta
Elevation: 87 m  Lat: N 36° 02' 37"   Lon: E 014° 14' 56"

                  Temperature (°C), Rain (mm), Wind Speed (km/h)

                                      Heat  Cool        Avg
    Mean                              Deg   Deg         Wind                 Dom
Day Temp  High   Time   Low    Time   Days  Days  Rain  Speed High   Time    Dir
----------------------------------------------------------------------------------
 1  27.0  29.3   11:43  24.7   03:47   0.0   8.0   0.0  ----  35.4   15:54   ESE
 2  26.8  29.3   14:36  25.3   05:34   0.0   7.9   0.0  ----  43.5   16:07     E
 3  26.0  27.9   15:52  21.9   00:00   0.0   7.3  15.6  ----  38.6   00:11   ENE
 4  25.2  29.1   13:27  20.6   01:53   0.0   5.8   6.2  ----  46.7   02:13   ESE
 5  24.0  26.2   09:22  19.4   13:08   0.0   5.5  14.0  ----  37.0   12:31   ESE
 6  25.7  29.2   15:39  22.7   06:48   0.0   7.0   0.0  ----  14.5   00:25   ESE
 7  25.8  28.8   15:20  22.1   06:58   0.0   7.4   0.0  ----  19.3   16:55     N
 8  26.4  30.7   14:19  22.8   07:05   0.0   8.0   0.0  ----  16.1   15:11   WNW
 9  26.5  31.2   12:22  22.8   06:59   0.0   8.1   0.0  ----  20.9   17:22   WSW
10  26.3  29.7   15:21  24.0   06:12   0.0   5.6   0.0  ----  22.5   13:46     W
11  26.5  29.4   14:01  24.3   06:23   0.0   8.2   0.0  ----  17.7   13:48   SSW
12  26.1  29.9   12:37  23.1   06:48   0.0   7.7   0.0  ----  22.5   15:26   NNW
13  24.9  27.1   13:57  23.5   23:51   0.0   6.6   0.0  ----  32.2   13:04   NNW
14  24.7  27.5   13:11  22.2   07:05   0.0   6.3   0.0  ----  20.9   09:08    NW
15  25.3  28.5   13:56  22.0   07:08   0.0   7.0   0.0  ----  22.5   23:03     S
16  25.3  29.3   12:04  20.5   03:43   0.0   6.9   3.3  ----  66.0   03:20   SSW
17  25.0  27.4   14:22  23.3   03:26   0.0   6.6   0.0  ----  30.6   22:19   WNW
18  24.4  26.3   13:41  22.9   23:21   0.0   6.0   0.0  ----  35.4   16:51    NW
19  24.1  27.1   13:31  22.8   03:16   0.0   4.2   0.0  ----  27.4   01:00    NW
20  24.2  27.1   13:58  22.7   07:13   0.0   4.5   0.0  ----  27.4   16:50   NNW
21  24.8  26.5   14:15   0.0   09:09   0.0   4.0   0.0  ----  24.1   12:14    NW
22  23.9  26.9   14:57  21.6   04:47   0.0   5.5   0.0  ----  30.6   12:11   ENE
23  22.9  26.1   14:07  19.6   07:46   0.0   4.4  22.4  ----  38.6   06:14     N
24  23.3  26.8   13:58  19.6   06:57   0.0   5.0   0.0  ----  19.3   15:11   WNW
25  23.6  27.0   13:44  19.6   04:24   0.0   5.2   0.0  ----  19.3   12:24   SSW
26  26.9  28.1   13:46  22.1   07:10   0.0  25.7   0.0  ----  24.1   12:47     S
27  25.2  28.6   14:06  22.1   00:00   0.0   6.9   0.0  ----  14.5   16:17   WSW
28  23.8  27.8   14:11  19.6   07:15   0.0   5.5   0.0  ----  16.1   11:05     S
29  25.6  29.0   14:35  22.6   04:49   0.0   7.0   0.0  ----  33.8   15:58     S
30  25.3  27.4   13:49   0.0   06:28   0.0   5.1   1.0  ----  33.8   16:44   NNW
----------------------------------------------------------------------------------
    25.2  31.2     9     0.0    21     0.0 208.9  62.5  ----  66.0    16     ---

Max >=  27.0: 24
Max = 20.0 mm)
Heat Base: 18.3  Cool Base: 18.3  Method: Integration