My Blog

Gozo Island, Malta

32°C

GozoIslandWeather.com – NOAA-Style Climate Reports

Report for 2013 Augusti

                   Monthly Climatological Summary for Aug 2013

Name: GozoIslandWeather.com   City: Victoria (Gozo Island)   State: Malta
Elevation: 77 m  Lat: N 36° 02' 37"   Lon: E 014° 14' 56"

                  Temperature (°C), Rain (mm), Wind Speed (km/h)

                                      Heat  Cool        Avg
    Mean                              Deg   Deg         Wind                 Dom
Day Temp  High   Time   Low    Time   Days  Days  Rain  Speed High   Time    Dir
----------------------------------------------------------------------------------
 1  27.3  31.3   15:15  23.6   05:55   0.0   8.9   0.0   4.3  19.3   09:49   SSE
 2  27.0  30.5   12:35  23.9   05:32   0.0   8.4   0.0   6.1  25.7   09:59     N
 3  27.8  32.2   14:42  24.0   05:35   0.0   9.3   0.0   2.3  17.7   12:52   WNW
 4  28.9  33.8   14:50  25.6   02:30   0.0  10.5   0.0   4.3  20.9   15:10   NNW
 5  29.2  34.3   14:48  24.4   06:44   0.0  10.2   0.0   4.0  19.3   12:21   NNE
 6  29.1  34.1   14:49  24.9   06:42   0.0  10.2   0.0   5.5  20.9   10:38    NE
 7  29.3  35.2   14:15  25.1   01:56   0.0   9.9   0.0   4.8  20.9   10:45   NNW
 8  29.9  35.2   14:45  24.4   06:15   0.0  11.6   0.0   3.0  17.7   12:54   NNW
 9  27.8  31.2   10:14  25.1   23:54   0.0   9.0   0.0   9.8  37.0   19:15    NW
10  26.1  28.4   13:58  24.7   03:22   0.0   7.5   0.0  15.2  38.6   13:39    NW
11  26.5  30.9   14:46  24.1   06:21   0.0   8.0   0.0  10.5  29.0   06:28   NNW
12  27.2  31.4   14:47  23.4   06:24   0.0   8.1   0.0   4.1  20.9   11:46   SSE
13  26.7  30.1   14:22  23.1   06:51   0.0   8.1   0.0   3.3  17.7   14:43    SW
14  26.3  29.9   14:27  23.2   06:44   0.0   7.0   0.0   5.1  22.5   16:01     W
15  26.6  29.6   15:56  24.6   07:01   0.0   7.7   0.0   9.1  25.7   12:12    NW
16  28.1  32.3   15:20  23.5   06:27   0.0   8.2   0.0   4.8  19.3   17:57    NW
17  27.1  31.6   15:02  24.2   06:43   0.0   7.8   0.0   3.3  17.7   13:38   NNW
18  26.9  31.7   14:05  23.7   06:44   0.0   8.6   0.0   3.1  17.7   15:21   WNW
19  27.0  31.4   13:24  23.3   05:25   0.0   8.5   0.0   4.0  20.9   10:34     W
20  27.0  30.6   15:06  24.7   02:24   0.0   8.6   0.0   6.9  24.1   17:05    NW
21  24.7  27.5   16:28  20.5   10:56   0.0   6.2  20.6   5.0  40.2   10:33    NE
22  25.3  28.8   14:42  22.2   05:39   0.0   6.7   0.0   3.9  19.3   14:15   NNE
23  26.5  31.1   15:01  23.0   06:36   0.0   7.7   0.0   2.5  16.1   15:06    NW
24  26.5  29.2   11:54  23.1   06:34   0.0   7.9   0.0   2.9  17.7   13:36    SW
25  27.1  29.9   14:54  24.3   03:05   0.0   8.0   0.0   7.8  27.4   13:02     S
26  26.8  28.2   18:10   0.0   18:10   0.0   2.1   0.0  14.0  35.4   23:04   SSE
27  27.4  30.2   12:21  25.9   02:31   0.0   9.0   0.0  13.5  38.6   17:28   SSE
28  27.7  30.8   14:22  25.6   06:34   0.0   9.4   0.0   5.2  24.1   01:57    NW
29  27.2  32.2   14:17  23.4   06:34   0.0   8.8   0.0   8.5  29.0   15:17   ESE
30  26.5  29.2   12:53  25.0   04:55   0.0   8.1   0.0  12.4  38.6   18:11   ESE
31  26.7  29.7   11:39  24.3   07:30   0.0   8.1   0.1   6.1  25.7   07:21   ESE
----------------------------------------------------------------------------------
    27.2  35.2     7     0.0    26     0.0 258.1  20.7   6.3  40.2    21     NNW

Max >=  27.0: 31
Max = 20.0 mm)
Heat Base: 18.3  Cool Base: 18.3  Method: Integration