My Blog

Gozo Island, Malta

32°C

GozoIslandWeather.com – NOAA-Style Climate Reports

Report for 2013 Juli

                   Monthly Climatological Summary for Jul 2013

Name: GozoIslandWeather.com   City: Victoria (Gozo Island)   State: Malta
Elevation: 113 m  Lat: N 36° 02' 37"   Lon: E 014° 14' 56"

                  Temperature (°C), Rain (mm), Wind Speed (km/h)

                                      Heat  Cool        Avg
    Mean                              Deg   Deg         Wind                 Dom
Day Temp  High   Time   Low    Time   Days  Days  Rain  Speed High   Time    Dir
----------------------------------------------------------------------------------
 1  23.0  27.9   15:02  19.9   05:49   0.0   4.6   0.0   5.9  19.3   04:21    SW
 2  22.8  26.6   14:16  19.2   06:04   0.0   4.1   0.0   4.9  19.3   12:04   SSE
 3  24.0  28.4   13:57  20.1   06:09   0.0   3.9   0.0   3.5  19.3   11:40     S
 4  24.0  28.0   15:09  20.6   06:30   0.0   5.4   0.0   6.2  20.9   17:23     W
 5  23.7  27.2   13:44  21.7   00:02   0.0   4.3   0.0   7.9  30.6   14:27   NNE
 6  25.4  30.8   14:46  21.3   06:26   0.0   6.2   0.0   5.1  19.3   15:07    NW
 7  25.9  30.8   13:05  21.2   06:11   0.0   6.1   0.0   3.1  19.3   10:46     N
 8  25.6  28.9   14:57  21.9   06:06   0.0   6.2   0.0   5.2  19.3   16:26   NNW
 9  24.6  27.9   15:51  21.6   05:24   0.0   5.7   0.0   3.8  19.3   14:08   WNW
10  25.0  29.3   11:22  22.0   05:30   0.0   5.8   0.0   5.7  27.4   17:59   WNW
11  25.4  29.7   14:56  22.6   00:51   0.0   5.1   0.0   5.8  20.9   10:37   WSW
12  26.4  31.6   13:39  22.5   04:20   0.0   7.4   0.0   5.6  20.9   14:01     W
13  27.7  32.8   14:39  22.8   03:00   0.0   9.1   0.0   3.1  16.1   16:34    NW
14  27.7  32.7   15:04  22.8   05:45   0.0   8.6   0.0   2.2  17.7   13:26   WSW
15  26.8  30.3   16:26  23.8   03:32   0.0   8.1   0.0   5.8  29.0   11:32   ENE
16  26.7  31.2   13:52  23.6   05:05   0.0   8.1   0.0   5.2  17.7   16:31   NNW
17  26.9  31.0   12:42  23.6   06:27   0.0   8.3   0.0   4.2  24.1   18:10    SW
18  26.3  30.1   15:52  23.2   05:19   0.0   7.4   0.0   3.1  16.1   11:47     S
19  26.4  30.1   14:11  22.8   06:27   0.0   8.0   0.0   2.5  19.3   16:23    SW
20  26.3  29.6   11:49  22.8   06:13   0.0   7.4   0.0   2.1  20.9   15:31    SW
21  27.4  33.0   14:47  23.4   03:23   0.0   9.0   0.0   3.3  20.9   11:57   SSE
22  27.4  31.5   14:51  24.4   06:23   0.0   8.0   0.0   4.8  22.5   12:22     E
23  27.2  31.2   14:25  23.2   06:28   0.0   8.8   0.0   2.5  30.6   15:36     N
24  27.9  31.9   16:20  23.8   06:34   0.0   9.3   0.0   2.9  14.5   13:15   WNW
25  27.8  32.0   14:53  24.8   06:33   0.0   9.1   0.0   4.6  19.3   12:26     W
26  27.6  33.4   15:35  23.1   05:18   0.0   9.0   0.0   3.0  16.1   17:41     S
27  28.1  33.3   13:21  23.4   07:12   0.0   8.1   0.0   4.3  19.3   14:34     W
28  28.7  33.6   13:51  24.9   05:47   0.0  10.4   0.0   6.7  22.5   10:08   NNW
29  29.9  35.6   15:46  25.1   05:54   0.0  11.1   0.0   7.1  25.7   09:38    NW
30  28.0  31.3   14:29  25.7   23:58   0.0   9.3   0.0  13.1  35.4   13:53    NW
31  27.1  31.3   12:35  24.2   05:58   0.0   7.9   0.0   5.7  22.5   00:57   NNW
----------------------------------------------------------------------------------
    26.4  35.6    29    19.2     2     0.0 229.8   0.0   4.8  35.4    30     WNW

Max >=  27.0: 30
Max = 20.0 mm)
Heat Base: 18.3  Cool Base: 18.3  Method: Integration