My Blog

Gozo Island, Malta

32°C

GozoIslandWeather.com – NOAA-Style Climate Reports

Report for 2013 Juni

                   Monthly Climatological Summary for Jun 2013

Name: GozoIslandWeather.com   City: Victoria (Gozo Island)   State: Malta
Elevation: 113 m  Lat: N 36° 02' 37"   Lon: E 014° 14' 56"

                  Temperature (°C), Rain (mm), Wind Speed (km/h)

                                      Heat  Cool        Avg
    Mean                              Deg   Deg         Wind                 Dom
Day Temp  High   Time   Low    Time   Days  Days  Rain  Speed High   Time    Dir
----------------------------------------------------------------------------------
 1  18.2  20.9   10:23  15.8   06:01   0.6   0.4   0.0   7.9  35.4   19:24    NW
 2  18.7  21.6   13:22  17.0   03:40   0.3   0.6   0.0  14.2  38.6   02:00   WNW
 3  19.7  23.4   14:18  16.9   05:49   0.3   1.3   0.0  11.2  24.1   01:00   WNW
 4  20.7  24.8   14:26  17.4   04:32   0.1   1.9   0.0   5.7  17.7   18:43   NNW
 5  22.0  25.9   15:35  16.6   05:38   0.0   2.5   0.0   6.2  24.1   13:44     E
 6  19.9  22.5   13:51  18.2   04:04   0.0   1.5   0.0  19.5  49.9   13:59   ESE
 7  21.5  26.4   16:06  18.3   04:39   0.0   2.7   0.0   9.8  33.8   00:03   NNE
 8  21.3  27.0   11:47  18.6   06:25   0.0   2.1   0.0   4.3  17.7   02:32   WSW
 9  20.5  26.2   14:38  17.8   06:36   0.0   1.5   0.0   8.3  33.8   21:52   ESE
10  21.4  24.9   12:20  19.2   05:29   0.0   2.4   0.0  13.5  30.6   19:38    NE
11  20.1  22.5   12:13  18.4   06:02   0.0   1.2   0.0  17.6  35.4   14:09    NW
12  20.6  23.6   14:04  18.4   05:42   0.0   2.2   0.0  14.9  37.0   15:08   WNW
13  21.7  25.9   11:53  18.1   03:15   0.0   3.0   0.0   6.8  30.6   15:28   WNW
14  21.4  27.2   17:56  18.3   04:42   0.0   1.6   0.0   3.0  17.7   09:14   SSW
15  23.6  29.8   15:21  18.9   04:38   0.0   4.6   0.0   3.9  20.9   11:06   WSW
16  24.5  29.4   14:56  20.2   05:56   0.0   5.0   0.0   1.8  17.7   13:15     W
17  26.3  31.1   13:12  20.9   05:43   0.0   6.6   0.0   3.1  12.9   13:16     W
18  26.4  31.7   10:32  21.7   05:13   0.0   6.9   0.0   3.6  17.7   12:37    SE
19  26.5  32.6   13:45  20.9   05:24   0.0   7.3   0.0   4.6  16.1   12:41   NNE
20  27.1  34.1   15:56  21.4   05:27   0.0   7.8   0.0   4.5  16.1   11:15     N
21  29.2  33.8   11:09  24.6   00:28   0.0   9.8   0.0   4.8  16.1   11:38   NNW
22  29.8  35.5   16:52  24.9   06:44   0.0   8.0   0.0   4.0  16.1   11:20     N
23  27.5  32.7   12:37  24.1   23:55   0.0   7.5   0.0   3.1  16.1   12:58     W
24  24.0  27.1   13:04  20.5   23:27   0.0   5.5   0.0  11.4  38.6   17:55    NW
25  21.4  24.3   13:24  19.4   05:26   0.0   2.8   0.0  14.5  35.4   09:32   NNW
26  21.5  24.4   13:18  19.4   06:06   0.0   2.7   0.0  11.9  33.8   05:09    NW
27  22.3  26.4   15:38  19.4   03:13   0.0   3.5   0.0  10.2  27.4   04:13   NNW
28  22.8  27.1   14:04  19.7   06:14   0.0   4.0   0.0   6.6  20.9   15:50   WSW
29  21.6  24.1   14:32  19.8   03:19   0.0   2.8   0.0  13.4  38.6   14:48   WNW
30  21.2  24.6   12:56  19.0   06:01   0.0   2.4   0.0  11.9  32.2   02:54   NNW
----------------------------------------------------------------------------------
    22.8  35.5    22    15.8     1     1.3 112.1   0.0   8.6  49.9     6      NW

Max >=  27.0: 13
Max = 20.0 mm)
Heat Base: 18.3  Cool Base: 18.3  Method: Integration